{"id":2445,"date":"2017-06-05T18:16:45","date_gmt":"2017-06-05T16:16:45","guid":{"rendered":"http:\/\/www.piotrp.com.pl\/example.com\/?page_id=2445"},"modified":"2017-06-10T18:33:57","modified_gmt":"2017-06-10T16:33:57","slug":"szlak-zamkow-piastowskich","status":"publish","type":"page","link":"https:\/\/www.piotrp.com.pl\/example.com\/szlaki-dlugodystansowe-2\/szlak-zamkow-piastowskich\/","title":{"rendered":"Szlak Zamk\u00f3w Piastowskich"},"content":{"rendered":"<ol>\n<li>\n<h3>\u00a0<a href=\"http:\/\/www.piotrp.com.pl\/example.com\/2017\/06\/05\/szlak-zamkow-piastowskich-1\/\"><strong><span style=\"color: #008000;\">Zamek Grodno &#8211; Zamek Ksi\u0105\u017c<\/span><\/strong><\/a>\u00a0 <img loading=\"lazy\" decoding=\"async\" class=\"aligncenter size-large wp-image-2533\" src=\"http:\/\/www.piotrp45pl.sisco.pl\/example.com\/wp-content\/uploads\/2017\/06\/2017-05-26-1024x576.jpg\" alt=\"\" width=\"1024\" height=\"576\" srcset=\"https:\/\/www.piotrp.com.pl\/example.com\/wp-content\/uploads\/2017\/06\/2017-05-26.jpg 1024w, https:\/\/www.piotrp.com.pl\/example.com\/wp-content\/uploads\/2017\/06\/2017-05-26-300x169.jpg 300w, https:\/\/www.piotrp.com.pl\/example.com\/wp-content\/uploads\/2017\/06\/2017-05-26-768x432.jpg 768w\" sizes=\"auto, (max-width: 1024px) 100vw, 1024px\" \/><\/h3>\n<\/li>\n<li>\n<h3><strong>\u00a0<a href=\"http:\/\/www.piotrp.com.pl\/example.com\/2017\/06\/05\/szlak-zamkow-piastowskich-1\/\"><span style=\"color: #008000;\">Zamek Ksi\u0105\u017c &#8211; Bolk\u00f3w<\/span><\/a>\u00a0\u00a0 <img loading=\"lazy\" decoding=\"async\" class=\"aligncenter size-large wp-image-2536\" src=\"http:\/\/www.piotrp45pl.sisco.pl\/example.com\/wp-content\/uploads\/2017\/06\/2017-05-261-1024x576.jpg\" alt=\"\" width=\"1024\" height=\"576\" srcset=\"https:\/\/www.piotrp.com.pl\/example.com\/wp-content\/uploads\/2017\/06\/2017-05-261.jpg 1024w, https:\/\/www.piotrp.com.pl\/example.com\/wp-content\/uploads\/2017\/06\/2017-05-261-300x169.jpg 300w, https:\/\/www.piotrp.com.pl\/example.com\/wp-content\/uploads\/2017\/06\/2017-05-261-768x432.jpg 768w\" sizes=\"auto, (max-width: 1024px) 100vw, 1024px\" \/><\/strong><\/h3>\n<\/li>\n<li>\n<h3><strong>\u00a0<a href=\"http:\/\/www.piotrp.com.pl\/example.com\/2017\/06\/08\/szlak-zamkow-piastowskich\/\"><span style=\"color: #008000;\">Bolk\u00f3w &#8211; Janowice Wielkie<\/span><\/a>\u00a0 <img loading=\"lazy\" decoding=\"async\" class=\"aligncenter size-large wp-image-2534\" src=\"http:\/\/www.piotrp45pl.sisco.pl\/example.com\/wp-content\/uploads\/2017\/06\/2017-05-28-1024x576.jpg\" alt=\"\" width=\"1024\" height=\"576\" srcset=\"https:\/\/www.piotrp.com.pl\/example.com\/wp-content\/uploads\/2017\/06\/2017-05-28.jpg 1024w, https:\/\/www.piotrp.com.pl\/example.com\/wp-content\/uploads\/2017\/06\/2017-05-28-300x169.jpg 300w, https:\/\/www.piotrp.com.pl\/example.com\/wp-content\/uploads\/2017\/06\/2017-05-28-768x432.jpg 768w\" sizes=\"auto, (max-width: 1024px) 100vw, 1024px\" \/><\/strong><\/h3>\n<\/li>\n<li>\n<h3><strong>\u00a0<a href=\"http:\/\/www.piotrp.com.pl\/example.com\/2017\/06\/08\/szlak-zamkow-piastowskich\/\"><span style=\"color: #008000;\">Janowce Wielkie &#8211; Jelenia G\u00f3ra<\/span><\/a>\u00a0 <img loading=\"lazy\" decoding=\"async\" class=\"aligncenter size-large wp-image-2538\" src=\"http:\/\/www.piotrp45pl.sisco.pl\/example.com\/wp-content\/uploads\/2017\/06\/2017-06-02-1024x576.jpg\" alt=\"\" width=\"1024\" height=\"576\" srcset=\"https:\/\/www.piotrp.com.pl\/example.com\/wp-content\/uploads\/2017\/06\/2017-06-02.jpg 1024w, https:\/\/www.piotrp.com.pl\/example.com\/wp-content\/uploads\/2017\/06\/2017-06-02-300x169.jpg 300w, https:\/\/www.piotrp.com.pl\/example.com\/wp-content\/uploads\/2017\/06\/2017-06-02-768x432.jpg 768w\" sizes=\"auto, (max-width: 1024px) 100vw, 1024px\" \/><\/strong><\/h3>\n<\/li>\n<li>\n<h3><a href=\"http:\/\/www.piotrp.com.pl\/example.com\/2017\/06\/08\/szlak-zamkow-piastowskich-3\/\"><strong><span style=\"color: #008000;\">Jelenia G\u00f3ra &#8211; Wle\u0144<\/span><\/strong><\/a>\u00a0 <img loading=\"lazy\" decoding=\"async\" class=\"aligncenter size-large wp-image-2535\" src=\"http:\/\/www.piotrp45pl.sisco.pl\/example.com\/wp-content\/uploads\/2017\/06\/2017-05-29-1024x576.jpg\" alt=\"\" width=\"1024\" height=\"576\" srcset=\"https:\/\/www.piotrp.com.pl\/example.com\/wp-content\/uploads\/2017\/06\/2017-05-29.jpg 1024w, https:\/\/www.piotrp.com.pl\/example.com\/wp-content\/uploads\/2017\/06\/2017-05-29-300x169.jpg 300w, https:\/\/www.piotrp.com.pl\/example.com\/wp-content\/uploads\/2017\/06\/2017-05-29-768x432.jpg 768w\" sizes=\"auto, (max-width: 1024px) 100vw, 1024px\" \/><\/h3>\n<\/li>\n<li>\n<h3><a href=\"http:\/\/www.piotrp.com.pl\/example.com\/2017\/06\/08\/szlak-zamkow-piastowskich-3\/\"><strong><span style=\"color: #008000;\">Wle\u0144 &#8211; Grodzie\u0144<\/span><\/strong><\/a>\u00a0 <img loading=\"lazy\" decoding=\"async\" class=\"aligncenter size-large wp-image-2537\" src=\"http:\/\/www.piotrp45pl.sisco.pl\/example.com\/wp-content\/uploads\/2017\/06\/2017-06-01-1024x576.jpg\" alt=\"\" width=\"1024\" height=\"576\" srcset=\"https:\/\/www.piotrp.com.pl\/example.com\/wp-content\/uploads\/2017\/06\/2017-06-01.jpg 1024w, https:\/\/www.piotrp.com.pl\/example.com\/wp-content\/uploads\/2017\/06\/2017-06-01-300x169.jpg 300w, https:\/\/www.piotrp.com.pl\/example.com\/wp-content\/uploads\/2017\/06\/2017-06-01-768x432.jpg 768w\" sizes=\"auto, (max-width: 1024px) 100vw, 1024px\" \/><\/h3>\n<\/li>\n<\/ol>\n","protected":false},"excerpt":{"rendered":"<p>\u00a0Zamek Grodno &#8211; Zamek Ksi\u0105\u017c\u00a0 \u00a0Zamek Ksi\u0105\u017c &#8211; Bolk\u00f3w\u00a0\u00a0 \u00a0Bolk\u00f3w &#8211; Janowice Wielkie\u00a0 \u00a0Janowce Wielkie &#8211; Jelenia G\u00f3ra\u00a0 Jelenia G\u00f3ra &#8211; Wle\u0144\u00a0 Wle\u0144 &#8211; Grodzie\u0144\u00a0<\/p>\n","protected":false},"author":1,"featured_media":0,"parent":2441,"menu_order":0,"comment_status":"closed","ping_status":"closed","template":"","meta":{"footnotes":""},"class_list":["post-2445","page","type-page","status-publish","czr-hentry"],"_links":{"self":[{"href":"https:\/\/www.piotrp.com.pl\/example.com\/wp-json\/wp\/v2\/pages\/2445","targetHints":{"allow":["GET"]}}],"collection":[{"href":"https:\/\/www.piotrp.com.pl\/example.com\/wp-json\/wp\/v2\/pages"}],"about":[{"href":"https:\/\/www.piotrp.com.pl\/example.com\/wp-json\/wp\/v2\/types\/page"}],"author":[{"embeddable":true,"href":"https:\/\/www.piotrp.com.pl\/example.com\/wp-json\/wp\/v2\/users\/1"}],"replies":[{"embeddable":true,"href":"https:\/\/www.piotrp.com.pl\/example.com\/wp-json\/wp\/v2\/comments?post=2445"}],"version-history":[{"count":7,"href":"https:\/\/www.piotrp.com.pl\/example.com\/wp-json\/wp\/v2\/pages\/2445\/revisions"}],"predecessor-version":[{"id":2539,"href":"https:\/\/www.piotrp.com.pl\/example.com\/wp-json\/wp\/v2\/pages\/2445\/revisions\/2539"}],"up":[{"embeddable":true,"href":"https:\/\/www.piotrp.com.pl\/example.com\/wp-json\/wp\/v2\/pages\/2441"}],"wp:attachment":[{"href":"https:\/\/www.piotrp.com.pl\/example.com\/wp-json\/wp\/v2\/media?parent=2445"}],"curies":[{"name":"wp","href":"https:\/\/api.w.org\/{rel}","templated":true}]}}